q - d = -14, 4*q + 5 - 29 = -d. Suppose -3*h = -4*h, q*h = -2*y + 38. Let v be (2 - 1)/((-2)/(-38)). What is the greatest common factor of y and v?
19
Suppose 18*n - 15*n - 1134 = k, 5*n + 4*k = 1890. What is the highest common factor of n and 162?
54
Let q = -3 + 35. Suppose 0*p + q = p. Calculate the greatest common divisor of 224 and p.
32
Let p(q) = q**2 + 6*q - 11. Let b be p(-8). Suppose 2 = h + b*o, -h = h + 5*o - 24. Calculate the highest common divisor of h and 55.
11
Suppose -64 + 4 = 5*z. Let o be 6*4/z*-8. Suppose -4*d + 36 + o = 0. What is the highest common factor of 26 and d?
13
Let z be (-6)/(-9)*(-33)/(-2). Let y be (0 - (2 - 13)) + 0. What is the greatest common divisor of y and z?
11
Let u = 88 - 82. Suppose 0*a + 120 = 5*a. What is the greatest common factor of a and u?
6
Suppose 2*g = -3*g + 510. Suppose 2*u - 3*n + 204 = -0*n, u + 2*n + g = 0. Let c be -1 - 4/(8/u). Calculate the highest common divisor of c and 20.
10
Let l(a) be the first derivative of a**2/2 + 11*a + 1. Let n be l(-7). Let h be -6*(-1)/(n/12). What is the highest common divisor of 6 and h?
6
Let x(u) = -u**2 - u + 144. Let l be x(-10). Calculate the greatest common factor of l and 126.
18
Let x = 55 - 50. What is the highest common divisor of 4 and x?
1
Suppose -8*l - 2*a = -3*l - 416, 426 = 5*l - 3*a. Calculate the highest common divisor of l and 12.
12
Suppose -16*g = -111 - 145. Let h(z) = 2*z**2 + 5*z + 5. Let u be h(5). What is the highest common divisor of g and u?
16
Let a be (-2248)/(-22) + (-60)/330. Let t = a - 47. What is the greatest common divisor of 33 and t?
11
Let j(g) = -3*g + 8. Let h = 68 + -71. Let n be j(h). Calculate the highest common factor of 68 and n.
17
Let x be 54/27*(-750)/(-4). Calculate the highest common divisor of 15 and x.
15
Let x = -10 + 52. Suppose -3*o = -3*a + 63, 2*o = 5*a - 0*o - 90. Let v be (-28)/a*-4*2. Calculate the highest common divisor of x and v.
14
Let u(g) = -236*g - 1. Let w be u(-1). Suppose -w = -4*z + 5*x, 0 = -4*z + 2*z - 4*x + 98. Let f = -40 - -45. Calculate the greatest common divisor of z and f.
5
Let m be (2/(-12))/(0 - (-11)/(-1254)). Suppose j - 12 = 45. What is the greatest common divisor of m and j?
19
Suppose -24*v + 18*v + 132 = 0. Let c = -52 + 74. Calculate the greatest common divisor of v and c.
22
Let j be 8/(-16) - 14/(-4). Suppose -8*z = -j*z - 20. What is the greatest common factor of z and 2?
2
Let b(c) = 54*c**3 - 3*c**2 + 6*c - 5. Let o be b(1). Calculate the greatest common factor of o and 234.
26
Let d be -22*((-4)/(-1) + -6). Calculate the greatest common factor of d and 2728.
44
Let x(f) = -14*f**3 - f**2 - 2*f + 6. Suppose 0 = 5*r - 11 + 1. Let q be x(r). Let u be (q/(-8))/(12/48). Calculate the highest common divisor of 38 and u.
19
Suppose -39*a - 1440 = -47*a. What is the highest common divisor of a and 20?
20
Suppose -2*n - 6 = z - 53, -20 = -4*z. Let l be 7/n + 4/9*303. What is the greatest common divisor of 27 and l?
27
Suppose -25 - 3 = 4*t. Let y be 64 + (5 - 2) + t. What is the greatest common factor of y and 24?
12
Let g be 4/(-16) + 57/4. Let w(y) = -y - 2. Let f be w(-9). Calculate the greatest common factor of f and g.
7
Suppose -y + 139 = -2*p, 5*y - 10*p = -15*p + 755. Calculate the highest common divisor of y and 21.
21
Let k be (-3 + 1 - 2)/(-1). Suppose 0 = k*o - 25 - 15. Suppose -5*x + o = -40. What is the highest common divisor of x and 110?
10
Let m = 208 - 176. What is the highest common factor of 112 and m?
16
Suppose 0 = r - 3*x - 64, 5*x + 135 - 395 = -5*r. Suppose -r*l = -53*l - 36. What is the greatest common divisor of l and 90?
18
Let q(o) = -3*o - 8. Let z be q(-4). Suppose -2*a - 4 = h - 18, h + z*a = 12. What is the highest common factor of 48 and h?
16
Let i be 20/5 + 2/2. Suppose 2*d - s - 2*s - 1 = 0, -i*s - 7 = -4*d. What is the highest common divisor of d and 72?
8
Let i = -833 + 873. What is the highest common factor of 380 and i?
20
Let x(b) = -b**3 - b + 10. Let j be 14/2 + -11 + 10. Suppose -2*q + 2 = c, 2*c = -c + j. Let i be x(q). What is the highest common divisor of 30 and i?
10
Suppose 3*d + 3*m = -8 - 1, 9 = -3*m. Let j be d/((-2 + 3)*1). Suppose 7*s + 11 - 53 = j. What is the highest common divisor of 3 and s?
3
Suppose 6*p + 5*c = 4*p + 6147, -p = -3*c - 3090. Calculate the greatest common factor of p and 39.
39
Let m(d) = 3*d**2 + 4. Let s be m(0). Suppose -5*g - 93 = -n, 0 = -3*n + s*g + g + 249. What is the greatest common factor of 6 and n?
6
Let b be (1 - 1)*(-2)/4. Suppose o = -d + 4, -o = -b*d - 2*d - 10. Let p = -30 + 54. What is the greatest common factor of p and o?
6
Suppose -1529 - 851 = -28*g. Calculate the greatest common divisor of g and 25.
5
Suppose -789*j + 815*j - 14742 = 0. What is the highest common divisor of 21 and j?
21
Suppose 7*g - 5*g = 64. Let j = 55 - g. Let p = -4 - -27. What is the greatest common factor of p and j?
23
Let l(z) = z**3 + 6*z**2 + 7*z - 2. Let j be l(-5). Let k be ((-54)/j)/((-3)/(-4)). What is the greatest common factor of k and 24?
6
Let x be (-1372)/(-21)*(-12)/(-8). Calculate the highest common divisor of x and 28.
14
Let z be 39/5 + 9/45. What is the greatest common divisor of z and 5?
1
Let h(m) = -4*m**3 - 9*m**2 + 6*m + 38. Let k be h(-7). What is the highest common divisor of k and 9?
9
Let p(j) = -j**2 - 8*j. Let a be p(-8). Suppose 0 = -l, -2*q - 2*l - 3*l + 16 = a. What is the greatest common divisor of q and 20?
4
Let i be 2/7 - 430/(-14). Let w(a) = -427*a - 3. Let l be w(-4). Suppose -9*m = -4*m - l. What is the greatest common factor of m and i?
31
Suppose 2*f = 4*d - 126, 3*d + 2*d - 4*f - 150 = 0. What is the highest common divisor of d and 459?
17
Let z be 12/11*(429/(-26))/(-3). Let c(j) = j - 6. Let u be c(4). Let n(q) = 5*q**2 - 3*q - 2. Let y be n(u). What is the highest common divisor of y and z?
6
Let q(a) = 5*a**2 - 10*a - 42. Let h be q(-6). Calculate the highest common divisor of h and 264.
66
Let w(h) = 2*h**2 + 5*h - 1. Let s be w(5). Suppose -p - 3*f + s = -7, -5*p + 4*f + 424 = 0. Calculate the highest common divisor of p and 42.
42
Let v(a) = a**3 + a**2 + 8*a + 6. Let b be v(-4). Let i = b + 104. What is the greatest common divisor of 15 and i?
15
Let t = -863 + 1234. What is the greatest common factor of 53 and t?
53
Suppose -2*v + 0*p = 3*p - 513, p = 2*v - 493. Suppose y - v = -90. Calculate the highest common divisor of y and 53.
53
Let o = -510 + 812. Suppose 5*s - o = 198. What is the greatest common divisor of 10 and s?
10
Let i be 57 - (-12)/(-8)*6. Calculate the greatest common factor of i and 12.
12
Suppose -5*d + 1167 = -1733. Suppose -d = -4*v - 0*v. Calculate the greatest common divisor of v and 29.
29
Suppose -27 = -2*o - 5. Let c(l) = 71*l - 47*l - 46*l. Let q be c(-2). What is the highest common factor of o and q?
11
Suppose -4*p + 5*p = -10. Let z = p + 20. What is the greatest common divisor of z and 30?
10
Let z(i) = -20*i**2 + 38*i + 51. Let d(q) = 7*q**2 - 13*q - 17. Let c(o) = -17*d(o) - 6*z(o). Let t be c(9). Calculate the greatest common factor of t and 8.
1
Let x be 54*4/20*10/2. Let j be ((-40)/(-15))/((-2)/(-27)). What is the highest common factor of j and x?
18
Let d(f) = 3*f + 8. Let b be d(-5). Let j = -3 - b. What is the highest common factor of 12 and j?
4
Suppose 2*q = 3*p + 154, -2 = -5*q + 8. Let b = 146 + p. Suppose -2*v + 4*h - 6*h = -16, 0 = -v - 3*h. Calculate the greatest common factor of b and v.
12
Suppose -3*u - 4*o + 94 = 0, -2*o = u - 6*u + 148. What is the greatest common factor of u and 80?
10
Let f(n) = 9*n**2 + 5*n. Let g be f(-2). Let j = g + -23. Suppose -7*q + 792 = -j*q. Calculate the highest common factor of 22 and q.
22
Suppose -2*n = -222 + 78. Let f be (n/(-5))/(1*(-4)/20). What is the highest common divisor of 18 and f?
18
Let z(h) = -3*h**2 + h + 6. Suppose -4*l + 13 = 5, -d - l = -2. Let x be z(d). What is the greatest common factor of 72 and x?
6
Let r = -173 + 213. What is the highest common factor of 96 and r?
8
Let o(c) be the third derivative of 13*c**5/30 + c**4/24 + c**3/6 - 18*c**2. Let s be o(1). What is the highest common divisor of s and 56?
28
Let b(l) = l**3 + 2*l**2 + 3*l - 18. Let j be b(4). What is the greatest common divisor of j and 10?
10
Let d be (-5 + 1370)*-2*3